s k(u)?
-2
Let b(h) be the second derivative of h**5/20 - h**4/4 - h**3/2 - 3*h**2/2 + 45*h. What is b(4)?
1
Let c(k) = -2 + 1 + 5*k - 3*k. Let m = -34 - -24. Let d = m + 9. Determine c(d).
-3
Let m(w) = 3 - 23*w**3 + 5*w**2 - 4*w**3 - 5*w + 26*w**3. What is m(5)?
-22
Let o(l) = -3*l - 2. Let y(z) = 17*z + 11. Let i(q) = 33*o(q) + 6*y(q). Determine i(4).
12
Suppose 6*m + 15 = m. Let w(v) = 10*v - 22*v + 13*v + v**2 - 4. What is w(m)?
2
Let a(m) = 4*m + 1. Let b = 42 - 44. Let p be b/5*35/(-14). Give a(p).
5
Let m be -3*((-215)/(-45) - 5). Let n(x) be the third derivative of 0 - 1/8*x**4 + 0*x + m*x**3 + 5*x**2. Give n(4).
-8
Let n be (-2 + 0)*252/72. Let j(p) = 4*p - 1. What is j(n)?
-29
Let l(w) = 0*w**2 - 2*w**2 + 3 - w**2 + 4*w**2 + 13*w. Give l(-10).
-27
Suppose 33 = 6*l - 3. Suppose -12*k - l = -18*k. Let r(o) = -5*o. Calculate r(k).
-5
Let d(m) be the second derivative of m**4/12 - m**3/6 + 13*m**2/2 - 47*m. Calculate d(0).
13
Let v(i) = 1 - 2 - 2*i**3 + i**3 - 7*i**2 - 5*i. Let c = -48 - -52. Suppose o + 3 = -u, 19 = -u + c*o + 1. Give v(u).
-7
Let m = -26 + 29. Let v(c) = 4*c + 4 - 6*c + m*c. What is v(-6)?
-2
Let v(j) = j**3 + 3*j**2 + 2*j - 3. Let h = -24 + 29. Suppose h*i + 3 + 12 = 0. Determine v(i).
-9
Let t(d) = -7 - 18 - d - 7. Calculate t(0).
-32
Let c(q) = -q**2 + 5*q - 7. Let u = 714 - 709. Give c(u).
-7
Let r(j) = j**2 - 3*j + 3. Let k(t) = -t**3 + 3*t**2 + 4*t - 6. Let o be k(4). Let c be (48/(-15))/((-4)/10). Let d = c + o. Determine r(d).
1
Let p(x) = -13*x + 163. Let a be p(13). Let n(w) = -5*w - 14. What is n(a)?
16
Let r(s) = 5*s - 7 + 12*s - 23*s**2 - 7*s. Let i(u) = -8*u**2 + 3*u - 2. Let h(k) = -7*i(k) + 2*r(k). Determine h(-1).
11
Let x(t) = -10*t + 0*t**2 + 1 - 3*t - 6*t**2 + 9*t - t**3. Determine x(-4).
-15
Let y(p) = -p**2 - 2*p - 1. Let f = 24 + -19. Let h(c) = c**2 + 3*c. Let s(k) = f*h(k) + 4*y(k). Determine s(-4).
-16
Let z(n) = n - 9. Let d(y) = y - 5. Let l(a) = 7*d(a) - 4*z(a). Let c(f) = -f. Let q = -1 - 2. Let s(x) = q*l(x) - 7*c(x). Determine s(-3).
3
Let y(g) = 3*g + 6. Let s(i) be the second derivative of -i**3/6 - i**2 - 3*i. Let c(j) = -7*s(j) - 2*y(j). Suppose -7*v - 29 = -8. Determine c(v).
-1
Let f(c) = -c**3 - 14*c**2 - 2*c - 25. Let g be 98/(-28)*80/14 + 6. Calculate f(g).
3
Suppose -r - 39 = -5*w, 7*w - 12*w + 55 = -5*r. Let s(m) = -m**2 + 9*m - 4. What is s(w)?
10
Let o(h) = -4*h - 20. Suppose 4*t - 5*b + 41 = 0, 3*t - 2*t + 5 = -4*b. What is o(t)?
16
Let x(g) = -3094 + 12*g**2 + 1546 + 1546. Calculate x(-2).
46
Let v(j) be the first derivative of -j**4/4 + j**2 + j - 136. What is v(2)?
-3
Let t(z) = z**2 + 4*z + 1. Let h = 89 - 93. Give t(h).
1
Let z(o) = -o**3 - 19*o**2 + 14*o - 18. Let h(s) = -s - 2. Let x(w) = 6*h(w) - z(w). Give x(-20).
6
Let s(f) = 3*f**2 - 3*f + 1. Suppose 4*x + 12 = -4*m, 2*x + 5*m = -23 + 2. What is s(x)?
7
Let s(t) be the first derivative of -3*t**2/2 - 2. Let k be s(-2). Let i(n) be the first derivative of -n**2/2 + n + 1104. Determine i(k).
-5
Let x(k) = k**2 + 4*k + 4. Suppose -2*n - 35 = 3*b, -4 = b + 5*n - 1. Let d = b + 10. What is x(d)?
1
Suppose -y = 2*y + 9. Let j = y + -2. Let r(t) = t**3 + 4*t**2 + 7*t - 6. Let s(o) = -o**2 + o - 1. Let a(i) = -r(i) + 2*s(i). Determine a(j).
4
Let k = 753 + -757. Let n(y) = y + 9. Let f(q) = 3*q + 26. Let j(z) = -6*f(z) + 17*n(z). Calculate j(k).
1
Suppose 4*s = -16, -x + 0*s = 5*s + 20. Let v(a) be the third derivative of -1/30*a**5 + 0*a + 0*a**4 + x - 2*a**2 - 1/6*a**3. Determine v(-1).
-3
Suppose -4*y - 7*g + 120 = -6*g, 3*g - 112 = -4*y. Let x(s) = s - 2*s - 33 + y. Determine x(0).
-2
Let c(r) = 14*r**3 - 16*r**2 - 2*r - 4. Let d(g) = 33*g**3 - 34*g**2 - 5*g - 7. Let f(h) = 7*c(h) - 3*d(h). Determine f(-10).
-17
Let d(o) = -28*o + 149. Let j be d(5). Let a(p) = p**3 - 10*p**2 + 13*p - 6. Determine a(j).
30
Let k(z) = -2*z**3 - 5*z**2 - 39*z. Let o(q) = 3*q**3 + 8*q**2 + 55*q. Let l(b) = 7*k(b) + 5*o(b). What is l(-5)?
-10
Let c(p) be the third derivative of p**4/24 - 3*p**3/2 + 40*p**2. Give c(8).
-1
Suppose -w - 16 = -3*j, -j = 2*w - w. Let f(y) = 6*y + y**2 - 9*y - j*y + 6. Let b be -1 + 2/2 - -6. Calculate f(b).
0
Let u(y) = -7*y**2 - 80 - 17 + 98. Give u(-1).
-6
Let x(z) = -6*z**3 + 30*z**2 + 46*z + 19. Let t(u) = u**3 - 6*u**2 - 9*u - 4. Let f(p) = -11*t(p) - 2*x(p). Let i = 64 - 68. What is f(i)?
10
Suppose -5*k + 14 = -1. Let l(s) = -3*s**2 - s**k - 3*s + s - 4 + s. Suppose 3749*t - 3755*t - 18 = 0. Calculate l(t).
-1
Suppose 0 = 37*m - 58*m - 273. Let v(n) = n**2 + 9*n + 7. Give v(m).
59
Let j be (-8)/(-2) + -11 + 8. Let y(g) = 11*g**2 + j - 20*g - 14*g + 32*g. What is y(1)?
10
Suppose 0 = 2*i + g - 7, 3*i - 6 = -3*g. Suppose h = i*h - 60. Let n = -23 + h. Let a(s) = s**3 + 8*s**2. Give a(n).
0
Suppose 7 = 16*f - 9*f. Let z(i) = -14*i + 3. Calculate z(f).
-11
Let x(r) = -7*r + 5. Let b(n) = 14*n - 9. Let k(l) = 4*b(l) + 7*x(l). Suppose 9*z = 9 - 0. Calculate k(z).
6
Suppose 71 = -3*i + 2*i. Let h = i - -78. Let y(c) = c**3 - 6*c**2 - 7*c + 5. Calculate y(h).
5
Let d = 7 - 12. Let c be 5 - (3 + 1 + -1). Let t(x) = -3 + 2 - x + c. What is t(d)?
6
Let k(u) = -2*u + 6. Suppose 0*n + 4*n = 20. Suppose -5 = -2*v + f + 11, -n*f - 10 = -3*v. Let q = 14 - v. Calculate k(q).
-2
Suppose -12*v - 19 + 31 = 0. Let u(h) = 22*h**3 + h**2 - h + 1. Give u(v).
23
Let l(k) = -5 + 0*k - 3*k - 3*k**2 - k**3 + 5*k. Let v(f) = -44*f**2 - 8*f + 23*f**2 - 24 + 22*f**2. Let q be v(10). Calculate l(q).
3
Let f(v) = 11*v + 25. Let c(o) = -13*o - 26. Let k(g) = 6*c(g) + 7*f(g). Give k(0).
19
Let i = -12 + 23. Suppose -2*j - 13 = -i. Let k(c) = -2*c**3 + c + 1. Give k(j).
2
Suppose -13 = -0*z + z. Let o = z - -9. Let w(i) = i**3 + 3*i**2 - 2*i + 2. Let u be w(o). Let k(a) = -a**3 - 6*a**2 + a + 7. What is k(u)?
1
Let r be (-4)/(-3)*6/4. Let s(c) = -c**r - 6*c + 6 + 5*c - 5*c. Let q be -1 - (-2 - -5 - -2). What is s(q)?
6
Let n(g) be the first derivative of g**2/2 - 15*g - 119. Give n(0).
-15
Let g(c) be the second derivative of -c**4/12 + 4*c**3/3 - 5*c**2/2 + 10*c - 4. Determine g(8).
-5
Let t(u) = u**2 + 3*u - 2. Let c(o) = 6*o - 7 + o**2 - 4*o + 7*o. Let v(m) = m**3 + 8*m**2 - 7*m + 8. Let n be v(-9). Let z be c(n). What is t(z)?
16
Let l(k) be the first derivative of 7/2*k**2 - 3 - 8/3*k**3 + 2*k + 1/4*k**4. Determine l(7).
2
Let d(z) = z**3 + 8*z**2 + 8*z + 9. Let i be d(-7). Let t = i - 2. Let q(y) = y**2 - 26 + 20 + 18. Calculate q(t).
12
Suppose 0 = -5*q + 11 - 161. Let z = -29 - q. Let w(j) = -3*j**3 + j**2 - j + 1. Give w(z).
-2
Suppose 5*k + 2*u = -13, -3*k + u = k. Let t(m) = -5*m**2 + 2*m + 1. Determine t(k).
-6
Suppose -8 = 4*g + 4*p, -5*g + 18 = 62*p - 64*p. Let b(a) be the first derivative of -a**2/2 - 2*a + 1. What is b(g)?
-4
Let v(t) = -33*t**3 + 21*t**3 + 1 + 10*t**3 + 8*t - 7*t. Give v(-1).
2
Let h(g) = 5*g - 81. Let k(i) = -12*i - 21. Let j be k(-3). Let o be h(j). Let p(v) = 2*v + 5. Determine p(o).
-7
Let t(p) = p**2 + p. Let x(z) = 3*z**2 - 3*z + 3. Let a(f) = -4*t(f) + x(f). Let v be a(-7). Let w(s) = 2*s**2 + 3*s + 0*s**2 - v*s**2 + 0*s + 3. What is w(3)?
3
Let q be 10/75*18/(-12)*0. Let f(y) = -3*y - 7. Let w(z) be the third derivative of -13*z**4/24 - 29*z**3/6 - z**2. Let r(k) = 9*f(k) - 2*w(k). Give r(q).
-5
Let n(d) be the third derivative of 0 - 6*d**2 + 0*d - 5/24*d**4 + 0*d**3. Let b(a) = a - 4. Let u be b(5). What is n(u)?
-5
Let h(t) = t**3 + 9*t**2 + 3*t + 5. Let x = 30 + -39. What is h(x)?
-22
Let z(j) = j**2 + 9*j - 13. Let w(r) = 2*r**2 + 18*r - 27. Let b(t) = 4*w(t) - 9*z(t). What is b(-8)?
17
Let f = -262 + 271. Let q(s) = s - 13. Give q(f).
-4
Let x(g) = g**2 + g - 1. Let y = 557 + -555. Determine x(y).
5
Let b(j) be the third derivative of -j**5/60 - 7*j**4/12 + j**3 + 9*j**2 - 5. Give b(-14).
6
Let t be 0 - (-3 - -3) - (4 - -1). Let m be t - (5 + -5 + 5). Let d(k) = k**3 + 10*k**2 + 3. Calculate d(m).
3
Let h(d) = -5*d**3 - 2*d**2 - 9*d + 4. Let i(r) = -r**3 + r**2 + 1. Let w(p) = -h(p) + 6*i(p). Let y be w(9). Let j(t) = t**2 + 2. Determine j(y).
6
Let c = 1 + 5. Suppose -4*p - 2 = -c*p. Let f(q) = 0*q**3 - 12*q**3 + p - q**2 - 5*q**3 + 2*q**3. Determine f(1).
-15
Let a be 4/18 - (-96)/54. Let r(n) = -a*n**2 + n**2 - n**3 - 89 + 83 - n. Give r(0).
-6
Suppose 0 = 3*m - 2*i - 3*i + 5, -4*m